 2*m - 2*l. List the prime factors of m.
2
Let h(y) = -1547*y**3 + y**2 - y - 2. Let x be h(-1). Let o = x + -716. List the prime factors of o.
3, 277
Suppose 2*v + v + 2*w = 35, -5*v + 5*w = -50. Let y(c) = 3*c**3 - 20*c**2 - 3*c + 0*c + 9*c + v*c**2. What are the prime factors of y(3)?
2, 3
What are the prime factors of (-574)/164 + (-19325)/(-2)?
13, 743
Let b be 100/(-40) + 1/2. Let n be (-48)/(-5) + (-2)/(-5) + b. Suppose -47 = -n*h + 1289. What are the prime factors of h?
167
Suppose 2*h - 14722 = k, 20*h - 23*h - 2*k + 22069 = 0. What are the prime factors of h?
3, 11, 223
Let w = -76 - -58. Let f(l) = 5*l**2 + 50*l + 114. What are the prime factors of f(w)?
2, 3, 139
Suppose -80*c + 76*c = -5*i + 45887, -4*c = -28. What are the prime factors of i?
3, 3061
Suppose -22 = 5*o - 22. Let u be 1 + ((-4)/(-2) - -27). Suppose -u = -c - o*c + 4*z, 4*c - z - 195 = 0. List the prime factors of c.
2, 5
Let n(h) = -3*h + 3. Let r be n(9). Let v = 26 + r. Suppose v*l - 39 - 7 = 0. List the prime factors of l.
23
Suppose -4*y + 1708 = 3*w, -5*w + 24*y = 26*y - 2856. Let f = w - 88. List the prime factors of f.
2, 11
Suppose -2*y = 5*o - 425 - 319, 3*o + 1158 = 3*y. Let u = 658 - y. Suppose 4*r - u = -4. What are the prime factors of r?
2, 17
Suppose -26940 + 167374 = 49*b. List the prime factors of b.
2, 1433
Suppose 0*n - n = -4, 0 = 4*i + 4*n - 28. Suppose -i*w + 6*w - 6 = 0. Suppose 5*m = 5*p - 50, -3*p - w*m + 4 = -51. What are the prime factors of p?
3, 5
Let d(t) = t**3 - 4*t**2 + 13*t - 88. Suppose 0 = -44*o + 50*o - 66. List the prime factors of d(o).
2, 11, 41
Suppose -5*h - 4*p + 964 = 0, -h + 152 + 28 = 4*p. Suppose 3*n - h = -5*v + 180, n + 2*v - 125 = 0. Let l = n + 1. List the prime factors of l.
2
Let d(j) = j + 10 - 34*j**2 + 46*j**2 - 11. What are the prime factors of d(6)?
19, 23
Let o(r) = -r**3 + 27*r**2 - 22*r + 241. List the prime factors of o(-27).
7, 5743
Let n(l) = 42*l - 15*l - 2 - 25*l. Let k be n(3). Suppose 3*g = 4*u + 175, -2*u - 3*u + 254 = k*g. What are the prime factors of g?
61
Suppose -82*n = 2522582 - 6395770. List the prime factors of n.
2, 11, 19, 113
Suppose 0 = 21*m + 16202 - 37175 - 124431. List the prime factors of m.
2, 3, 577
Let r(k) = -4*k**2 - 29*k + 27. Let c be r(-8). Suppose -15*h - c*h = -1134. List the prime factors of h.
3, 7
Let l(y) = -589*y - 138. Let h be l(-11). Suppose -1876 + h = 19*u. List the prime factors of u.
5, 47
Let b(w) = -w**3 - 41*w**2 + 3*w + 16474. What are the prime factors of b(0)?
2, 8237
Suppose -2*d + 7*d - 15 = 0. Let z(c) = 159*c - 26. List the prime factors of z(d).
11, 41
Suppose 3*n - 10*c = -15*c + 4642, 0 = 2*n + 5*c - 3088. Suppose n = 125*x - 118*x. List the prime factors of x.
2, 3, 37
Let r(h) = 62*h**2 + 12*h + 3. Let s be r(6). Suppose 2*m + 3*m - s = -3*d, -4*d = -2*m - 3050. List the prime factors of d.
2, 191
Let n(j) = 790*j - 5862. What are the prime factors of n(51)?
2, 3, 19, 151
Let p be ((-1)/(-2))/(2/8). Suppose 0 = 3*q - 4*q - p*m + 7, 2*q + 5*m = 13. Suppose 400 = q*z + z. What are the prime factors of z?
2, 5
Let x(z) = 4*z**2 - 37*z + 573. List the prime factors of x(-38).
3, 5, 11, 47
Let v be 2143/(-1)*17/(-17). Let n be v/13 + (-30)/(-195). Suppose 8*o + n = 13*o. List the prime factors of o.
3, 11
Suppose -34*i + 259550 - 121245 = -297541. What are the prime factors of i?
3, 4273
Let r = 59 - 56. Let q be r/(-18) + (-3333)/(-18). Let z = q + 49. What are the prime factors of z?
2, 3, 13
What are the prime factors of (1001 - 3)*(-3)/(-6)?
499
What are the prime factors of (-2)/(112/(-420))*61284/10?
3, 5107
Let h = 12662 + 17047. What are the prime factors of h?
3, 3301
Let p be (2 + 1045)/(-2 + 5 - 2). Let t = p + -637. What are the prime factors of t?
2, 5, 41
Suppose 23*d + 24 = 31*d. Suppose 2*u - 1247 = s - 166, -d*s = -2*u + 1083. What are the prime factors of u?
2, 3, 5
Let u(m) = -17*m + 49 + 36*m - 22*m. Let c be u(17). List the prime factors of 13351/65 - c/(-5).
5, 41
Let x = -219 + 224. Suppose -x*s = -115 - 1895. List the prime factors of s.
2, 3, 67
Let k = 479 + -463. Suppose k*u + 16 = 1488. What are the prime factors of u?
2, 23
Suppose a + 5*r - 4 = 0, -3*a + 8*r - 8 = 3*r. Let t be (62/3)/(a/(-9)). Suppose 2*m + h - t = 0, h = -m - 2*h + 103. What are the prime factors of m?
7, 13
List the prime factors of -122*1*((-300)/(-480) + 621/(-8)).
2, 7, 11, 61
Let s be 5*3*5/(-5). Let z = 266 + s. Let a = z - 98. What are the prime factors of a?
3, 17
Let n(b) = 17*b**2 - 5*b - 7. Let x be n(-3). Suppose -x = -2*h + 253. Suppose -2*g + 4*f + 616 = g, -3*f = -g + h. List the prime factors of g.
2, 3, 17
Let u = -26606 - -41872. List the prime factors of u.
2, 17, 449
Let q = 2390 - -6447. List the prime factors of q.
8837
Let l(q) = 3*q + 23. Let z be l(6). Suppose 12*s - z*s + 49242 = 0. List the prime factors of s.
2, 3, 283
Let r be ((-6)/9)/(20/90). List the prime factors of ((-26)/r)/(104/780).
5, 13
Suppose 4*y = -4*r + 8*y + 1264, 0 = -3*r - 3*y + 936. Suppose 4*g = 2*n - 816, -g = -n + 98 + r. Let x = n + -263. What are the prime factors of x?
3, 17
Let y = -31 - -184. Let g = 207 - 103. Let m = y - g. List the prime factors of m.
7
Suppose 46 = 2*h - 4*m, -5*h - 42 = -9*h - 2*m. Suppose 5*p + v - 8980 = 0, 3*p = -h*v + 10*v + 5376. What are the prime factors of p?
3, 599
Suppose -7005 = -22*p + 4721. Let o = p + -115. List the prime factors of o.
2, 11, 19
Suppose -4*x + 100153 = 3*i, 5*i + 50083 = 2*x - 0*i. What are the prime factors of x?
7, 73
Suppose -20*t = -17*t. Suppose t = -5*f - 10*f + 60. Suppose -2*n + 4*q = -60, -3*n - f*q + 26 = -94. What are the prime factors of n?
2, 3
Suppose w = -5*j + 104, -8*j + 45 = -6*j - 3*w. What are the prime factors of 5 + 0 + -1 + 87 + j?
2, 7
Suppose 21*y - 2*y = 8018. Suppose -98 = -8*w + y. What are the prime factors of w?
5, 13
Let s(g) = 21*g**3 - 9*g**2 + 2*g + 7. Suppose 8 = -y - 4*i, -5*y - 4*i + 10 - 2 = 0. List the prime factors of s(y).
3, 5
Let x be ((-1 - -2)/1)/(38/266). Let b(h) = -7*h**2 + 2*h - 45. Let g(r) = 4*r**2 - r + 23. Let s(i) = -3*b(i) - 5*g(i). List the prime factors of s(x).
2, 31
Let n = 4217 - 4075. List the prime factors of n.
2, 71
Suppose 2*y - 6*y + 34 = 3*o, 0 = -3*y - o + 28. List the prime factors of (-1 - (-4 - -2))/(y/8390).
839
Let g(o) = 107*o**2 + 87*o + 4. List the prime factors of g(8).
2, 3, 17, 37
Let d = 982 + -986. What are the prime factors of 2510/d*96/(-40)?
2, 3, 251
Suppose -252*j + 1954704 + 1611655 = 1146403. List the prime factors of j.
3, 11, 97
Let t(d) = 0 - 8 + 4*d + 2*d**2 + 2. Let z be t(7). Suppose z = 2*s + g, 0 = 5*s - 2*g - 268 - 23. What are the prime factors of s?
59
Let g(h) = -h**3 + 14*h**2 + 4*h + 23. Let f be g(18). Let v = -403 - f. List the prime factors of v/8 + -3 - 2/(-8).
97
Let c(f) = -f - 12. Let p be c(-12). Suppose -4*k = -p*k - 3696. Suppose 5*v - k = -2*v. List the prime factors of v.
2, 3, 11
Suppose -2*b = -j + 33697 - 10143, -3*b - 12 = 0. What are the prime factors of j?
2, 61, 193
Let u = 88310 + -44313. List the prime factors of u.
43997
Let x be (-178 + 177)*(0 + 0 + 0). What are the prime factors of 1 + x + 134 - (-7 + 13)?
3, 43
Let t be 1/(-2) - (-11)/(-2). Let m be (-3)/27*2 + t/(-27). Suppose -4*f + f + 78 = m. What are the prime factors of f?
2, 13
Suppose 3*a - 633 = 4*s, -s + 5*a - 204 + 33 = 0. Let o = s - -203. What are the prime factors of o?
47
Suppose -775216 = -243*l + 1150981 + 540253. List the prime factors of l.
2, 5, 7, 29
Let h(s) = 15*s**2 - 32*s + 20. Let t be h(6). Let o = t + 1491. List the prime factors of o.
11, 13
Let x be 1*0*(-4)/12. Let s(n) = -n**3 + n**2 - 3*n + 48. Let a be s(x). List the prime factors of ((-7)/(35/a))/((-2)/15).
2, 3
List the prime factors of 1/5 + 621/345 + 2 + 5306.
2, 3, 5, 59
Suppose 159*w = 168*w - 501795. What are the prime factors of w?
3, 5, 7, 59
Let z(u) = 2*u**3 - u**2 - 6*u + 5171. List the prime factors of z(0).
5171
Let c = -3783 - -2258. Let s = -793 - c. What are the prime factors of s?
2, 3, 61
Let y = -4 + 1. Let g(i) = -268*i + 27*i**2 - 3 - 3*i**2 + 266*i. List the prime factors of g(y).
3, 73
Let o(y) = 9*y**2 + 27*y + 3. Let r be o(-11). Suppose -5*l + r = -4*s + s, s - 159 = -l. Suppose -2*h + l + 41 = 0. List the 